{"id":8713,"date":"2023-06-29T09:55:35","date_gmt":"2023-06-29T09:55:35","guid":{"rendered":"https:\/\/barcelonapaseodegracia.com\/?page_id=8713"},"modified":"2023-06-29T09:55:36","modified_gmt":"2023-06-29T09:55:36","slug":"politica-de-privacidad","status":"publish","type":"page","link":"https:\/\/barcelonapaseodegracia.com\/es\/politica-de-privacidad\/","title":{"rendered":"Pol\u00edtica de privacidad"},"content":{"rendered":"\n<p>La confidencialidad y la seguridad son valores primordiales de ASOCIACI\u00d3N PASEO DE GRACIA y, en consecuencia, asumimos el compromiso de garantizar la privacidad del Usuario en todo momento y de no recabar informaci\u00f3n innecesaria. A continuaci\u00f3n, le proporcionamos toda la informaci\u00f3n necesaria sobre nuestra Pol\u00edtica de Privacidad en relaci\u00f3n con los datos personales que recabamos, explic\u00e1ndole:<\/p>\n\n\n\n<ul><li>Qui\u00e9n es el responsable del tratamiento de sus datos.<\/li><li>Para qu\u00e9 finalidades recabamos los datos que le solicitamos.<\/li><li>Cu\u00e1l es la legitimaci\u00f3n para su tratamiento.<\/li><li>Durante cu\u00e1nto tiempo los conservamos.<\/li><li>A qu\u00e9 destinatarios se comunican sus datos.<\/li><li>Cu\u00e1les son sus derechos.<\/li><li><strong>Responsable<\/strong>:<\/li><\/ul>\n\n\n\n<p>ASSOCIACIO AMICS DEL PASSEIG DE GRACIA (G58760786)<\/p>\n\n\n\n<p>Ps. De Gr\u00e0cia, 37, 2n 1\u00aa<\/p>\n\n\n\n<p>08007, Barcelona (Espa\u00f1a)<\/p>\n\n\n\n<p><a href=\"mailto:info@barcelonapasseigdegracia.com\">info@barcelonapasseigdegracia.com<\/a>.<\/p>\n\n\n\n<ul><li><strong>Finalidades, legitimaci\u00f3n y conservaci\u00f3n de los tratamientos de los datos enviados a trav\u00e9s de<\/strong>:<\/li><li>FORMULARIO DE CONTACTO.<\/li><\/ul>\n\n\n\n<p><strong>Finalidad:<\/strong> Facilitarle un medio para que pueda ponerse en contacto con nosotros y contestar a sus solicitudes de informaci\u00f3n, as\u00ed como enviarle comunicaciones de nuestros servicios y actividades, inclusive por medios electr\u00f3nicos, si marca la casilla de aceptaci\u00f3n.<\/p>\n\n\n\n<p><strong>Legitimaci\u00f3n:<\/strong> El consentimiento del usuario al solicitarnos informaci\u00f3n a trav\u00e9s de nuestro formulario de contacto y al marcar la casilla de aceptaci\u00f3n de env\u00edo de informaci\u00f3n.<\/p>\n\n\n\n<p><strong>Conservaci\u00f3n:<\/strong> Hasta una vez resuelta su solicitud por medio de nuestro formulario o contestada por correo electr\u00f3nico, si no ha generado un nuevo tratamiento. En caso de haber aceptado recibir env\u00edos comerciales, hasta que solicite la baja de los mismos.<\/p>\n\n\n\n<ul><li>FORMULARIO DE REGISTRO COMO \u201cCONCIERGE\u201d.<\/li><\/ul>\n\n\n\n<p><strong>Finalidad:<\/strong> Darle de alta como Concierge registrado para permitirle el acceso a toda la informaci\u00f3n publicada por parte de los establecimientos asociados en relaci\u00f3n con sus servicios y ponerse en contacto con los mismos. Env\u00edo de informaci\u00f3n sobre los servicios de la asociaci\u00f3n, incluso por medios electr\u00f3nicos.<\/p>\n\n\n\n<p><strong>Legitimaci\u00f3n:<\/strong> Acuerdo con la persona usuaria registrada. Inter\u00e9s leg\u00edtimo del responsable en mantener informados a sus clientes sobre sus servicios.<\/p>\n\n\n\n<p><strong>Conservaci\u00f3n:<\/strong> Hasta que la persona usuaria registrada solicite su baja y posteriormente durante los plazos legalmente previstos. Env\u00edos comerciales: hasta que el usuario solicite su baja.<\/p>\n\n\n\n<ul><li>FORMULARIO DE REGISTRO COMO \u201cESTABLECIMIENTO\u201d.<\/li><\/ul>\n\n\n\n<p><strong>Finalidad:<\/strong> Darle de alta como Establecimiento registrado para poder publicar informaci\u00f3n sobre su negocio y promocionar sus servicios en la Plataforma para los clientes de los hoteles registrados en la misma<strong>.<\/strong><\/p>\n\n\n\n<p><strong>Legitimaci\u00f3n:<\/strong> Acuerdo con la persona usuaria registrada. Inter\u00e9s leg\u00edtimo del responsable en mantener informados a sus clientes sobre sus servicios.<\/p>\n\n\n\n<p><strong>Conservaci\u00f3n:<\/strong> Hasta que la persona usuaria registrada solicite su baja y posteriormente durante los plazos legalmente previstos. Env\u00edos comerciales: hasta que el usuario solicite su baja.<\/p>\n\n\n\n<ul><li>ENV\u00cdO DE CORREOS ELECTR\u00d3NICOS.<\/li><\/ul>\n\n\n\n<p><strong>Finalidad:<\/strong> Contestar a sus solicitudes de informaci\u00f3n, atender sus peticiones y responder sus consultas o dudas.&nbsp;&nbsp;<\/p>\n\n\n\n<p><strong>Legitimaci\u00f3n:<\/strong> El consentimiento del usuario al solicitarnos informaci\u00f3n a trav\u00e9s de la direcci\u00f3n de correo electr\u00f3nico.<\/p>\n\n\n\n<p><strong>Conservaci\u00f3n:<\/strong> Hasta una vez contestada su petici\u00f3n por correo electr\u00f3nico, si no ha generado un nuevo tratamiento.<\/p>\n\n\n\n<p><strong>Obligaci\u00f3n de facilitarnos sus datos personales y consecuencias de no hacerlo.<\/strong><\/p>\n\n\n\n<p>El suministro de datos personales requiere una edad m\u00ednima de 14 a\u00f1os o, en su caso, disponer de capacidad jur\u00eddica suficiente para contratar.<\/p>\n\n\n\n<p>Los datos personales solicitados son necesarios para gestionar sus solicitudes y\/o prestarle los servicios que pueda contratar, por lo que, si no nos los facilita, no podremos atenderle correctamente ni prestarle el servicio que ha solicitado.<\/p>\n\n\n\n<ul><li><strong>Destinatarios de sus datos<\/strong><\/li><\/ul>\n\n\n\n<p>Sus datos son confidenciales y no se ceder\u00e1n a terceros, salvo que exista obligaci\u00f3n legal.<\/p>\n\n\n\n<ul><li><strong>Derechos en relaci\u00f3n con sus datos personales<\/strong><\/li><\/ul>\n\n\n\n<p>Cualquier persona puede retirar su consentimiento en cualquier momento, cuando el mismo se haya otorgado para el tratamiento de sus datos. En ning\u00fan caso, la retirada de este consentimiento condiciona la ejecuci\u00f3n del contrato de suscripci\u00f3n o las relaciones generadas con anterioridad.<\/p>\n\n\n\n<p>Igualmente, puede ejercer los siguientes derechos:<\/p>\n\n\n\n<p>D\u00f3nde y c\u00f3mo solicitar sus Derechos: Mediante un escrito dirigido al responsable a su direcci\u00f3n postal o electr\u00f3nica (indicadas en el apartado A), indicando la referencia \u201cDatos Personales\u201d, especificando el derecho que se quiere ejercer y respecto a qu\u00e9 datos personales.<\/p>\n\n\n\n<p>En caso de divergencias con la empresa en relaci\u00f3n con el tratamiento de sus datos, puede presentar una reclamaci\u00f3n ante la Autoridad de Protecci\u00f3n de Datos (<a href=\"http:\/\/www.aepd.es\">www.aepd.es<\/a>).<\/p>\n\n\n\n<ul><li><strong>Cookies<\/strong><\/li><\/ul>\n\n\n\n<p><a>Esta p\u00e1gina web utiliza cookies t\u00e9cnicas, de personalizaci\u00f3n y an\u00e1lisis, propias y de terceros que tratan datos de conexi\u00f3n y\/o de los dispositivos para fines estad\u00edsticos, pero en ning\u00fan caso captan h\u00e1bitos de navegaci\u00f3n para fines publicitarios.<\/a><\/p>\n\n\n\n<p>Por ello, al acceder a nuestra web, en cumplimiento del art\u00edculo 22 de la Ley de Sociedad de la Informaci\u00f3n, al tratar las cookies mencionadas, le hemos solicitado su consentimiento para su uso y facilitado informaci\u00f3n de las mismas.<\/p>\n\n\n\n<ul><li><strong>Seguridad de sus datos personales<\/strong><\/li><\/ul>\n\n\n\n<p>Con el objetivo de salvaguardar la seguridad de sus datos personales, le informamos que hemos adoptado todas las medidas de \u00edndole t\u00e9cnica y organizativa necesarias para garantizar la seguridad de los datos personales suministrados de su alteraci\u00f3n, p\u00e9rdida, y tratamientos o accesos no autorizados.<\/p>\n\n\n\n<ul><li><strong>Actualizaci\u00f3n de sus datos<\/strong><\/li><\/ul>\n\n\n\n<p>Es importante que para que podamos mantener sus datos personales actualizados, nos informe siempre que haya habido alguna modificaci\u00f3n en ellos, en caso contrario, no respondemos de la veracidad de los mismos.<\/p>\n\n\n\n<p>No nos hacemos responsables de la pol\u00edtica de privacidad respecto a los datos personales que pueda facilitar a terceros por medio de los enlaces disponibles en nuestra p\u00e1gina web.<\/p>\n\n\n\n<p>La presente Pol\u00edtica de Privacidad puede ser modificada para adaptarlas a los cambios que se produzca en nuestra web, as\u00ed como modificaciones legislativas o jurisprudenciales sobre datos personales que vayan apareciendo, por lo que exige su lectura, cada vez que nos facilite sus datos a trav\u00e9s de esta Web.<\/p>\n","protected":false},"excerpt":{"rendered":"<p>La confidencialidad y la seguridad son valores primordiales de ASOCIACI\u00d3N PASEO DE GRACIA y, en consecuencia, asumimos el compromiso de garantizar la privacidad del Usuario en todo momento y de no recabar informaci\u00f3n innecesaria. A continuaci\u00f3n, le proporcionamos toda la informaci\u00f3n necesaria sobre nuestra Pol\u00edtica de Privacidad en relaci\u00f3n con los datos personales que recabamos, [&hellip;]<\/p>\n","protected":false},"author":8,"featured_media":0,"parent":0,"menu_order":0,"comment_status":"closed","ping_status":"closed","template":"page-empty.php","meta":{"footnotes":""},"yoast_head":"<!-- This site is optimized with the Yoast SEO plugin v15.8 - https:\/\/yoast.com\/wordpress\/plugins\/seo\/ -->\n<title>Pol\u00edtica de privacidad - Associaci\u00f3 de Passeig de Gr\u00e0cia<\/title>\n<meta name=\"robots\" content=\"index, follow, max-snippet:-1, max-image-preview:large, max-video-preview:-1\" \/>\n<link rel=\"canonical\" href=\"https:\/\/barcelonapaseodegracia.com\/es\/politica-de-privacidad\/\" \/>\n<meta property=\"og:locale\" content=\"es_ES\" \/>\n<meta property=\"og:type\" content=\"article\" \/>\n<meta property=\"og:title\" content=\"Pol\u00edtica de privacidad - Associaci\u00f3 de Passeig de Gr\u00e0cia\" \/>\n<meta property=\"og:description\" content=\"La confidencialidad y la seguridad son valores primordiales de ASOCIACI\u00d3N PASEO DE GRACIA y, en consecuencia, asumimos el compromiso de garantizar la privacidad del Usuario en todo momento y de no recabar informaci\u00f3n innecesaria. A continuaci\u00f3n, le proporcionamos toda la informaci\u00f3n necesaria sobre nuestra Pol\u00edtica de Privacidad en relaci\u00f3n con los datos personales que recabamos, [&hellip;]\" \/>\n<meta property=\"og:url\" content=\"https:\/\/barcelonapaseodegracia.com\/es\/politica-de-privacidad\/\" \/>\n<meta property=\"og:site_name\" content=\"Associaci\u00f3 de Passeig de Gr\u00e0cia\" \/>\n<meta property=\"article:modified_time\" content=\"2023-06-29T09:55:36+00:00\" \/>\n<meta name=\"twitter:card\" content=\"summary\" \/>\n<meta name=\"twitter:label1\" content=\"Tiempo de lectura\">\n\t<meta name=\"twitter:data1\" content=\"5 minutos\">\n<script type=\"application\/ld+json\" class=\"yoast-schema-graph\">{\"@context\":\"https:\/\/schema.org\",\"@graph\":[{\"@type\":\"WebSite\",\"@id\":\"https:\/\/barcelonapaseodegracia.com\/es\/#website\",\"url\":\"https:\/\/barcelonapaseodegracia.com\/es\/\",\"name\":\"Associaci\\u00f3 de Passeig de Gr\\u00e0cia\",\"description\":\"Otro sitio realizado con WordPress\",\"potentialAction\":[{\"@type\":\"SearchAction\",\"target\":\"https:\/\/barcelonapaseodegracia.com\/es\/?s={search_term_string}\",\"query-input\":\"required name=search_term_string\"}],\"inLanguage\":\"es\"},{\"@type\":\"WebPage\",\"@id\":\"https:\/\/barcelonapaseodegracia.com\/es\/politica-de-privacidad\/#webpage\",\"url\":\"https:\/\/barcelonapaseodegracia.com\/es\/politica-de-privacidad\/\",\"name\":\"Pol\\u00edtica de privacidad - Associaci\\u00f3 de Passeig de Gr\\u00e0cia\",\"isPartOf\":{\"@id\":\"https:\/\/barcelonapaseodegracia.com\/es\/#website\"},\"datePublished\":\"2023-06-29T09:55:35+00:00\",\"dateModified\":\"2023-06-29T09:55:36+00:00\",\"breadcrumb\":{\"@id\":\"https:\/\/barcelonapaseodegracia.com\/es\/politica-de-privacidad\/#breadcrumb\"},\"inLanguage\":\"es\",\"potentialAction\":[{\"@type\":\"ReadAction\",\"target\":[\"https:\/\/barcelonapaseodegracia.com\/es\/politica-de-privacidad\/\"]}]},{\"@type\":\"BreadcrumbList\",\"@id\":\"https:\/\/barcelonapaseodegracia.com\/es\/politica-de-privacidad\/#breadcrumb\",\"itemListElement\":[{\"@type\":\"ListItem\",\"position\":1,\"item\":{\"@type\":\"WebPage\",\"@id\":\"https:\/\/barcelonapaseodegracia.com\/es\/\",\"url\":\"https:\/\/barcelonapaseodegracia.com\/es\/\",\"name\":\"Portada\"}},{\"@type\":\"ListItem\",\"position\":2,\"item\":{\"@type\":\"WebPage\",\"@id\":\"https:\/\/barcelonapaseodegracia.com\/es\/politica-de-privacidad\/\",\"url\":\"https:\/\/barcelonapaseodegracia.com\/es\/politica-de-privacidad\/\",\"name\":\"Pol\\u00edtica de privacidad\"}}]}]}<\/script>\n<!-- \/ Yoast SEO plugin. -->","_links":{"self":[{"href":"https:\/\/barcelonapaseodegracia.com\/es\/wp-json\/wp\/v2\/pages\/8713"}],"collection":[{"href":"https:\/\/barcelonapaseodegracia.com\/es\/wp-json\/wp\/v2\/pages"}],"about":[{"href":"https:\/\/barcelonapaseodegracia.com\/es\/wp-json\/wp\/v2\/types\/page"}],"author":[{"embeddable":true,"href":"https:\/\/barcelonapaseodegracia.com\/es\/wp-json\/wp\/v2\/users\/8"}],"replies":[{"embeddable":true,"href":"https:\/\/barcelonapaseodegracia.com\/es\/wp-json\/wp\/v2\/comments?post=8713"}],"version-history":[{"count":1,"href":"https:\/\/barcelonapaseodegracia.com\/es\/wp-json\/wp\/v2\/pages\/8713\/revisions"}],"predecessor-version":[{"id":8714,"href":"https:\/\/barcelonapaseodegracia.com\/es\/wp-json\/wp\/v2\/pages\/8713\/revisions\/8714"}],"wp:attachment":[{"href":"https:\/\/barcelonapaseodegracia.com\/es\/wp-json\/wp\/v2\/media?parent=8713"}],"curies":[{"name":"wp","href":"https:\/\/api.w.org\/{rel}","templated":true}]}}

Política de privacidad

<p>La confidencialidad y la seguridad son valores primordiales de ASOCIACIÓN PASEO DE GRACIA y, en consecuencia, asumimos el compromiso de garantizar la privacidad del Usuario en todo momento y de no recabar información innecesaria. A continuación, le proporcionamos toda la información necesaria sobre nuestra Política de Privacidad en relación con los datos personales que recabamos, explicándole:</p>



<ul><li>Quién es el responsable del tratamiento de sus datos.</li><li>Para qué finalidades recabamos los datos que le solicitamos.</li><li>Cuál es la legitimación para su tratamiento.</li><li>Durante cuánto tiempo los conservamos.</li><li>A qué destinatarios se comunican sus datos.</li><li>Cuáles son sus derechos.</li><li><strong>Responsable</strong>:</li></ul>



<p>ASSOCIACIO AMICS DEL PASSEIG DE GRACIA (G58760786)</p>



<p>Ps. De Gràcia, 37, 2n 1ª</p>



<p>08007, Barcelona (España)</p>



<p><a href="mailto:info@barcelonapasseigdegracia.com">info@barcelonapasseigdegracia.com</a>.</p>



<ul><li><strong>Finalidades, legitimación y conservación de los tratamientos de los datos enviados a través de</strong>:</li><li>FORMULARIO DE CONTACTO.</li></ul>



<p><strong>Finalidad:</strong> Facilitarle un medio para que pueda ponerse en contacto con nosotros y contestar a sus solicitudes de información, así como enviarle comunicaciones de nuestros servicios y actividades, inclusive por medios electrónicos, si marca la casilla de aceptación.</p>



<p><strong>Legitimación:</strong> El consentimiento del usuario al solicitarnos información a través de nuestro formulario de contacto y al marcar la casilla de aceptación de envío de información.</p>



<p><strong>Conservación:</strong> Hasta una vez resuelta su solicitud por medio de nuestro formulario o contestada por correo electrónico, si no ha generado un nuevo tratamiento. En caso de haber aceptado recibir envíos comerciales, hasta que solicite la baja de los mismos.</p>



<ul><li>FORMULARIO DE REGISTRO COMO “CONCIERGE”.</li></ul>



<p><strong>Finalidad:</strong> Darle de alta como Concierge registrado para permitirle el acceso a toda la información publicada por parte de los establecimientos asociados en relación con sus servicios y ponerse en contacto con los mismos. Envío de información sobre los servicios de la asociación, incluso por medios electrónicos.</p>



<p><strong>Legitimación:</strong> Acuerdo con la persona usuaria registrada. Interés legítimo del responsable en mantener informados a sus clientes sobre sus servicios.</p>



<p><strong>Conservación:</strong> Hasta que la persona usuaria registrada solicite su baja y posteriormente durante los plazos legalmente previstos. Envíos comerciales: hasta que el usuario solicite su baja.</p>



<ul><li>FORMULARIO DE REGISTRO COMO “ESTABLECIMIENTO”.</li></ul>



<p><strong>Finalidad:</strong> Darle de alta como Establecimiento registrado para poder publicar información sobre su negocio y promocionar sus servicios en la Plataforma para los clientes de los hoteles registrados en la misma<strong>.</strong></p>



<p><strong>Legitimación:</strong> Acuerdo con la persona usuaria registrada. Interés legítimo del responsable en mantener informados a sus clientes sobre sus servicios.</p>



<p><strong>Conservación:</strong> Hasta que la persona usuaria registrada solicite su baja y posteriormente durante los plazos legalmente previstos. Envíos comerciales: hasta que el usuario solicite su baja.</p>



<ul><li>ENVÍO DE CORREOS ELECTRÓNICOS.</li></ul>



<p><strong>Finalidad:</strong> Contestar a sus solicitudes de información, atender sus peticiones y responder sus consultas o dudas.&nbsp;&nbsp;</p>



<p><strong>Legitimación:</strong> El consentimiento del usuario al solicitarnos información a través de la dirección de correo electrónico.</p>



<p><strong>Conservación:</strong> Hasta una vez contestada su petición por correo electrónico, si no ha generado un nuevo tratamiento.</p>



<p><strong>Obligación de facilitarnos sus datos personales y consecuencias de no hacerlo.</strong></p>



<p>El suministro de datos personales requiere una edad mínima de 14 años o, en su caso, disponer de capacidad jurídica suficiente para contratar.</p>



<p>Los datos personales solicitados son necesarios para gestionar sus solicitudes y/o prestarle los servicios que pueda contratar, por lo que, si no nos los facilita, no podremos atenderle correctamente ni prestarle el servicio que ha solicitado.</p>



<ul><li><strong>Destinatarios de sus datos</strong></li></ul>



<p>Sus datos son confidenciales y no se cederán a terceros, salvo que exista obligación legal.</p>



<ul><li><strong>Derechos en relación con sus datos personales</strong></li></ul>



<p>Cualquier persona puede retirar su consentimiento en cualquier momento, cuando el mismo se haya otorgado para el tratamiento de sus datos. En ningún caso, la retirada de este consentimiento condiciona la ejecución del contrato de suscripción o las relaciones generadas con anterioridad.</p>



<p>Igualmente, puede ejercer los siguientes derechos:</p>



<p>Dónde y cómo solicitar sus Derechos: Mediante un escrito dirigido al responsable a su dirección postal o electrónica (indicadas en el apartado A), indicando la referencia “Datos Personales”, especificando el derecho que se quiere ejercer y respecto a qué datos personales.</p>



<p>En caso de divergencias con la empresa en relación con el tratamiento de sus datos, puede presentar una reclamación ante la Autoridad de Protección de Datos (<a href="http://www.aepd.es">www.aepd.es</a>).</p>



<ul><li><strong>Cookies</strong></li></ul>



<p><a>Esta página web utiliza cookies técnicas, de personalización y análisis, propias y de terceros que tratan datos de conexión y/o de los dispositivos para fines estadísticos, pero en ningún caso captan hábitos de navegación para fines publicitarios.</a></p>



<p>Por ello, al acceder a nuestra web, en cumplimiento del artículo 22 de la Ley de Sociedad de la Información, al tratar las cookies mencionadas, le hemos solicitado su consentimiento para su uso y facilitado información de las mismas.</p>



<ul><li><strong>Seguridad de sus datos personales</strong></li></ul>



<p>Con el objetivo de salvaguardar la seguridad de sus datos personales, le informamos que hemos adoptado todas las medidas de índole técnica y organizativa necesarias para garantizar la seguridad de los datos personales suministrados de su alteración, pérdida, y tratamientos o accesos no autorizados.</p>



<ul><li><strong>Actualización de sus datos</strong></li></ul>



<p>Es importante que para que podamos mantener sus datos personales actualizados, nos informe siempre que haya habido alguna modificación en ellos, en caso contrario, no respondemos de la veracidad de los mismos.</p>



<p>No nos hacemos responsables de la política de privacidad respecto a los datos personales que pueda facilitar a terceros por medio de los enlaces disponibles en nuestra página web.</p>



<p>La presente Política de Privacidad puede ser modificada para adaptarlas a los cambios que se produzca en nuestra web, así como modificaciones legislativas o jurisprudenciales sobre datos personales que vayan apareciendo, por lo que exige su lectura, cada vez que nos facilite sus datos a través de esta Web.</p>

<p>La confidencialidad y la seguridad son valores primordiales de ASOCIACIÓN PASEO DE GRACIA y, en consecuencia, asumimos el compromiso de garantizar la privacidad del Usuario en todo momento y de no recabar información innecesaria. A continuación, le proporcionamos toda la información necesaria sobre nuestra Política de Privacidad en relación con los datos personales que recabamos, [&hellip;]</p>

<!-- This site is optimized with the Yoast SEO plugin v15.8 - https://yoast.com/wordpress/plugins/seo/ -->
<title>Política de privacidad - Associació de Passeig de Gràcia</title>
<meta name="robots" content="index, follow, max-snippet:-1, max-image-preview:large, max-video-preview:-1" />
<link rel="canonical" href="https://barcelonapaseodegracia.com/es/politica-de-privacidad/" />
<meta property="og:locale" content="es_ES" />
<meta property="og:type" content="article" />
<meta property="og:title" content="Política de privacidad - Associació de Passeig de Gràcia" />
<meta property="og:description" content="La confidencialidad y la seguridad son valores primordiales de ASOCIACIÓN PASEO DE GRACIA y, en consecuencia, asumimos el compromiso de garantizar la privacidad del Usuario en todo momento y de no recabar información innecesaria. A continuación, le proporcionamos toda la información necesaria sobre nuestra Política de Privacidad en relación con los datos personales que recabamos, [&hellip;]" />
<meta property="og:url" content="https://barcelonapaseodegracia.com/es/politica-de-privacidad/" />
<meta property="og:site_name" content="Associació de Passeig de Gràcia" />
<meta property="article:modified_time" content="2023-06-29T09:55:36+00:00" />
<meta name="twitter:card" content="summary" />
<meta name="twitter:label1" content="Tiempo de lectura">
	<meta name="twitter:data1" content="5 minutos">
<script type="application/ld+json" class="yoast-schema-graph">{"@context":"https://schema.org","@graph":[{"@type":"WebSite","@id":"https://barcelonapaseodegracia.com/es/#website","url":"https://barcelonapaseodegracia.com/es/","name":"Associaci\u00f3 de Passeig de Gr\u00e0cia","description":"Otro sitio realizado con WordPress","potentialAction":[{"@type":"SearchAction","target":"https://barcelonapaseodegracia.com/es/?s={search_term_string}","query-input":"required name=search_term_string"}],"inLanguage":"es"},{"@type":"WebPage","@id":"https://barcelonapaseodegracia.com/es/politica-de-privacidad/#webpage","url":"https://barcelonapaseodegracia.com/es/politica-de-privacidad/","name":"Pol\u00edtica de privacidad - Associaci\u00f3 de Passeig de Gr\u00e0cia","isPartOf":{"@id":"https://barcelonapaseodegracia.com/es/#website"},"datePublished":"2023-06-29T09:55:35+00:00","dateModified":"2023-06-29T09:55:36+00:00","breadcrumb":{"@id":"https://barcelonapaseodegracia.com/es/politica-de-privacidad/#breadcrumb"},"inLanguage":"es","potentialAction":[{"@type":"ReadAction","target":["https://barcelonapaseodegracia.com/es/politica-de-privacidad/"]}]},{"@type":"BreadcrumbList","@id":"https://barcelonapaseodegracia.com/es/politica-de-privacidad/#breadcrumb","itemListElement":[{"@type":"ListItem","position":1,"item":{"@type":"WebPage","@id":"https://barcelonapaseodegracia.com/es/","url":"https://barcelonapaseodegracia.com/es/","name":"Portada"}},{"@type":"ListItem","position":2,"item":{"@type":"WebPage","@id":"https://barcelonapaseodegracia.com/es/politica-de-privacidad/","url":"https://barcelonapaseodegracia.com/es/politica-de-privacidad/","name":"Pol\u00edtica de privacidad"}}]}]}</script>
<!-- / Yoast SEO plugin. -->
